+ 421. What is the hundreds digit of o?
1
Let m = 449 - 635. Let b = -369 - m. Let w = -93 - b. What is the tens digit of w?
9
Let u(r) = 2*r + 108. Let h be u(-24). Let f = 153 - h. What is the tens digit of f?
9
Suppose -2*h - 17 = 61. Let t = 39 + h. Suppose t = 4*c + 4*w - 608, w + w + 436 = 3*c. What is the tens digit of c?
4
Let r be (-15)/(-4) + (-18)/24. Suppose r*j - 3195 = 2*x - 3*x, 0 = -3*x. What is the hundreds digit of j?
0
Let o = -563 - -3074. What is the hundreds digit of o?
5
Let v = -203 + 207. Suppose d = -v*g + 131, -d = -g - 3*g - 131. What is the units digit of d?
1
Suppose -758 = -2*q - 3*b, -79*b + 82*b = 2*q - 758. Suppose -337 = -n - 2*x + 46, -n - 4*x = -q. What is the tens digit of n?
8
Let t be ((-5)/5 - 4)/1. What is the tens digit of 453*(t/(-3) + 0/(-1))?
5
Let h be 1/(-2)*0 - -16. Suppose -5*v + 2*s = 485, 3*v + 28*s = 26*s - 307. Let k = h - v. What is the tens digit of k?
1
Let l = -16173 - -35919. What is the thousands digit of l?
9
Let x(h) = -h**3 - 2*h**2 - h + 2. Let b be x(-2). What is the units digit of -1*b*((-285)/6 - 4)?
6
What is the ten thousands digit of 20326 - ((-147)/343 - (-31)/7)?
2
Let u be (115/23)/(10/4). Suppose -u*z + 5*l = -4, 6*l = -z + l + 2. Suppose 0 = -z*q + q - k + 61, -244 = -4*q - 5*k. What is the tens digit of q?
6
Let f(a) = 35*a**2 + 3*a - 3. Suppose -9*k - 11*k + 120 = 0. Suppose 4*r - 3*j = -14 + 11, -4*r + 2*j = k. What is the hundreds digit of f(r)?
3
Suppose -15339 = 19*l - 118414. What is the units digit of l?
5
Let v(c) = 6*c - 9. Let t be v(2). Suppose k - t = 1. Suppose 3*p = -3*a + 111 + 66, 0 = p - k*a - 69. What is the units digit of p?
1
Suppose -658 = -4*s - 3*s. Let d = s - 94. Suppose z + 570 = 5*g, 3*g + 4*z - 364 + 22 = d. What is the tens digit of g?
1
Let d be 3*1 + 24/6 + 30. Suppose 4*y - 7 - d = 0. Suppose -785 = y*r - 16*r. What is the hundreds digit of r?
1
Let d(c) = -c**2 - 6*c - 4. Let u be d(-5). Let h = 516 - 513. What is the units digit of u + 156*(4 - h)?
7
Suppose -2*b = -b - 160. Let z be 8007/85 + 3/(-15). Let u = b - z. What is the tens digit of u?
6
Let h(b) = 47*b**2 - 4*b + 9. Let d be h(3). What is the tens digit of d/8 - (-5)/(-10)?
5
Suppose v + 2*n = 4, n - 3 = -4*v - 1. What is the units digit of (-1 + -37)*(5 - (11 + v))?
8
Let a(n) = -224 - 80*n + 81*n + 133*n + 124*n. What is the units digit of a(6)?
4
Let b = -17 + 11. Let t = -776 - -1116. What is the tens digit of (t/b)/(4/(-6))?
8
Let h(x) = -x + 11. Let f be h(11). Let d be (f/1)/(5 + -3) + -22. What is the units digit of (-2314)/d + 3*14/(-231)?
5
Suppose 0 = q - 2*p - 66, -4*q + 3*p + 165 = -99. Suppose 2*u - q = 336. Suppose -9*t + 1416 = u. What is the units digit of t?
5
Suppose -35*d + 33*d = -29*d + 88722. What is the units digit of d?
6
Suppose 5*x + 4*q - 16 = 0, 3*x + 2*q = 4*q - 8. Suppose x = 37*f - 38*f + 6. What is the units digit of f?
6
Let i(g) = -g**3 - 2*g**3 + 2*g - 14 + 15. Let x be i(-1). Suppose -x*r + 154 = -0*r. What is the units digit of r?
7
What is the hundreds digit of 46113 + 18 + (-108)/6?
1
Suppose h - 2*h = 2*u + 53, -2 = 2*h. What is the units digit of (1 - 5)*3341/u?
4
Suppose 4*i + 4*o - 2808 = 2*i, 5*i + 4*o - 7020 = 0. Suppose 3*u - i = 2*h, -2*u = -3*u - 2*h + 460. What is the tens digit of u?
6
Let y be ((-38)/(-1))/((-28)/(-196)). Let z = y + -922. What is the hundreds digit of 27/(-135) + z/(-5)?
1
Let j(h) = 2*h**2 - 19*h + 86. What is the units digit of j(16)?
4
Suppose 0 = 10*x - 4*x. Suppose 829 = 3*y - m, x*m = -m + 5. Suppose 2*z - y = 2*f, -3*z + 5*f = -0*f - 427. What is the units digit of z?
4
Suppose -13*t + 19*t - 36 = 0. Let h be (-56)/(-7) - (-4)/((-8)/t). Suppose -h*l = -4*v - 775, v - 780 = -5*l + 4*v. What is the tens digit of l?
5
Suppose 42*q - 4141103 = -1334411. What is the tens digit of q?
2
Suppose 61*n - 3 = 60*n. Let q be 492 + 0/((-9)/(-3)). Suppose -n*v = v - q. What is the tens digit of v?
2
Let v = 11719 + -4624. What is the units digit of (-8)/6 + v*7/63?
7
Suppose -2*s = -7*s - 35. What is the tens digit of ((-196)/s + 6)*(-21)/(-3)?
3
Let j = 27 - 16. Let i = -207 + 233. Let b = j + i. What is the units digit of b?
7
Let r(t) = 3*t**3 - 46*t**2 + 133*t - 39. What is the thousands digit of r(16)?
2
Let u = 962 + -850. What is the units digit of (416/u)/(2/434)?
6
Let v(j) = 228*j**3 - 7*j**2 + 29*j + 37. What is the units digit of v(5)?
7
Let x = -1339 + 1354. Suppose 3*f + 0*f + 1476 = 0. What is the units digit of f/2*(-5)/x?
2
Suppose 3*d = 5*h + 12054, -347*h - 24 = -351*h. What is the units digit of d?
8
Let v be 23*(2/(-12) - (-28)/24). Let n = v - 21. Suppose -n*g + 180 = -0*g. What is the tens digit of g?
9
Suppose 19*w - 2*w - 34 = 0. Suppose w*h - 328 + 66 = 0. What is the hundreds digit of h?
1
Suppose 0 = -2*t - s + 52311 + 3174, t - 27732 = s. What is the ten thousands digit of t?
2
Let s(r) = 3*r - 17. Let v be s(7). Let c = -7 + 11. Suppose c*n - 79 = -5*a, 0 = -2*a - 3*n + 29 + v. What is the units digit of a?
5
Let u be (-1098)/5 + 16/(-40). Let p = u - -514. Suppose 3*o = 6*o - p. What is the tens digit of o?
9
Let p be (-2)/((-2 + 20/12)*2). Let i be ((-3)/6)/((-1)/10). Suppose i*v - 471 = -4*u + 19, 0 = -p*v + 4*u + 326. What is the units digit of v?
2
Suppose -3*i + 5*g + 189 = -0*i, -162 = -3*i - 4*g. Suppose -5 = 7*h + i. What is the tens digit of -1 + (-3)/(h/255)?
8
What is the tens digit of (37119659/10614 - 2/29) + (-1)/6?
9
Suppose 12*h - 50*h - 139*h = -1416708. What is the hundreds digit of h?
0
Suppose 0 = 45*f - 25*f + 31600. Let j = -547 - f. What is the hundreds digit of j?
0
Let l = 3140 + 15486. What is the hundreds digit of l?
6
Let a(g) = g + 4. Let c be a(-4). Suppose 10 = -61*o + 60*o. What is the units digit of (c + (-60)/25)*o/3?
8
Let m(b) = 22*b**3 + 50*b**2 - 591*b + 1. What is the units digit of m(11)?
2
Suppose 61*t - 227817 = 10*t. What is the hundreds digit of t?
4
Let z = 23 - 39. What is the tens digit of 228/z*(-8)/2?
5
Let u(n) = 4*n**2 + 16*n - 114. Let f(w) = -5*w**2 - 19*w + 116. Let q(i) = 3*f(i) + 4*u(i). What is the hundreds digit of q(36)?
4
Let n(b) = b + 15. Let o be n(-6). Suppose o*a - 444 = 13*a. What is the units digit of 24/9 + 1/3 - a?
4
Let c = 4224 + -5917. Let t = -858 - c. What is the units digit of t?
5
Let n = 328 + -284. Suppose -318 = -5*u - 4*k, 3*u + k = n + 151. What is the tens digit of u?
6
Let i(t) = t**3 + 8*t**2 - 4*t + 24. Suppose -10 = m + 5*x + 5, -4*x - 44 = 4*m. Let l be i(m). What is the units digit of (-7 + 8)/((-2)/l)?
8
Let a(y) = -11*y - 41. Suppose -4*w - 4*w + 376 = 0. Suppose 5*r + w = 7. What is the units digit of a(r)?
7
Let m(s) = s**2 - 13*s - 36. Let u be m(-4). Let a = u + 69. What is the units digit of a?
1
Let a = 645 + -605. Suppose a*q + 13475 = 51*q. What is the thousands digit of q?
1
Let o(k) = k**2 - 8*k + 11. Let u be o(7). Let a be (-106)/u*(14 + -20). Suppose 2*x - a = -r, 2*x - 3*r - 83 = x. What is the units digit of x?
0
Suppose 5*p = -z + 4, 0 = z + 3*z - 16. Suppose -5*m + 5 + 5 = p. Suppose 4*x - 166 = -a, -4*a - 245 + 909 = m*x. What is the units digit of a?
6
Suppose 5*o - 6 = -2*g, -3*o - 2 = -g + 5*g. Suppose 4*q + o*h - 1214 = 0, 4*q - 5*h = -0*h + 1179. What is the hundreds digit of q?
3
Let d = 7466 - -808. What is the tens digit of d?
7
Suppose 2124*k = 2155*k - 437689. What is the hundreds digit of k?
1
Suppose -675*w + 273399 = -654*w. What is the units digit of w?
9
What is the tens digit of (-944910)/50*125/(-75)?
9
Suppose -x = -2*x + 11. Let g be 1*((x - 6/3) + -3). What is the hundreds digit of 958/5 + g/15?
1
Let f(x) = -x**3 - 2*x**2 - 26*x + 3393. What is the tens digit of f(0)?
9
Suppose 0 = -4*h + q + 6462, 5*h + 77*q - 8074 = 80*q. What is the tens digit of h?
1
Suppose -3*l = 78 - 12. Let m = 66 - 57. What is the tens digit of (l + 5)/((-3)/m)?
5
Let m = -6386 - -6388. Suppose -2*h = -5*l - 22, -5*l - 24 = -3*h - h. What is the hundreds digit of m/(-2) - 1 - (-186 - h)?
1
What is the units digit of (1829589/279)/((-33)/18 + 2)?
6
Let d = 3230 - 1911. Let z = d + -896. What is the hundreds digit of z?
4
Let q be ((-4)/6)/(((-204)/(-18))/17). What is the hundreds digit of q/(-2) + 4155/10?
4
Let z(q) = -q**3 + q**2 + 10. Let s(u) = -u + 18. Let c be s(12). Let